Is 1042285381 composite?
False
Is 5309954423 a composite number?
False
Is 120540171341 a composite number?
False
Is 862406011 composite?
False
Is 15973673 a composite number?
False
Is 49141365071 a composite number?
True
Is 9470073209 a composite number?
False
Is 1332974627 a composite number?
True
Is 34833577 composite?
False
Is 366065441927 prime?
False
Is 739971679 prime?
False
Is 9177293669 prime?
True
Is 427238671 composite?
True
Is 111068669 composite?
False
Is 15908936521 composite?
False
Is 888569597 prime?
False
Is 1471793135 prime?
False
Is 16928739541 a prime number?
False
Is 353912015987 composite?
True
Is 1020790361 a composite number?
False
Is 7014488423 prime?
False
Is 549722317 composite?
False
Is 77105827 a composite number?
False
Is 2059506337 prime?
False
Is 1190255813 prime?
True
Is 237472091 a prime number?
True
Is 3986011037 a prime number?
False
Is 59263606511 prime?
True
Is 1408430677 composite?
True
Is 10652630851 a prime number?
True
Is 183456379 a prime number?
True
Is 72188623841 composite?
False
Is 25136851645 a prime number?
False
Is 15820525013 a prime number?
False
Is 72076142821 a composite number?
True
Is 4495367293 a prime number?
True
Is 16542022141 a prime number?
True
Is 14086398313 prime?
False
Is 3789986071 composite?
False
Is 7803900521 a prime number?
True
Is 57992553379 prime?
True
Is 817437091 composite?
False
Is 21141111941 a prime number?
True
Is 546011581 prime?
False
Is 3977323469 a composite number?
True
Is 3040084031 prime?
False
Is 50596041 composite?
True
Is 25964494559 a prime number?
True
Is 770895427 composite?
False
Is 37200252829 a composite number?
False
Is 2738541413 prime?
False
Is 8235152141 a prime number?
False
Is 10208455382 a composite number?
True
Is 76376317093 composite?
False
Is 3053652787 a composite number?
False
Is 46122993391 prime?
False
Is 1291198574 a composite number?
True
Is 7634693735 composite?
True
Is 46077345733 composite?
False
Is 48081204229 prime?
False
Is 136269821 prime?
True
Is 3167778403 composite?
False
Is 5372099101 composite?
True
Is 82879940159 a prime number?
False
Is 587101117 composite?
True
Is 10506189955 a prime number?
False
Is 103243488893 composite?
False
Is 1300076971 composite?
True
Is 13347053323 prime?
True
Is 1552137403 prime?
False
Is 270816401 a composite number?
True
Is 4103031143 prime?
False
Is 377601629 prime?
False
Is 522174197 composite?
True
Is 12466286335 a prime number?
False
Is 52089779309 a composite number?
True
Is 509326187 a composite number?
True
Is 234569011 composite?
True
Is 214898851203 a prime number?
False
Is 9210012833 a prime number?
False
Is 3083014289 a composite number?
False
Is 1424657453 a composite number?
False
Is 149909763197 prime?
True
Is 2664454951 composite?
False
Is 8427294887 a composite number?
True
Is 5999921617 prime?
False
Is 340548049 composite?
True
Is 12200618893 a composite number?
True
Is 5620342699 composite?
False
Is 29346632683 a prime number?
True
Is 2694044137 prime?
True
Is 3761819233 prime?
False
Is 40824140117 prime?
True
Is 1914265763 composite?
True
Is 92067037 prime?
True
Is 2422660553 a composite number?
True
Is 6646438451 composite?
False
Is 1343471306 a composite number?
True
Is 1325283439 prime?
False
Is 11654119639 composite?
False
Is 29688199729 prime?
False
Is 26623187863 prime?
False
Is 36377890541 a composite number?
True
Is 427409472697 prime?
False
Is 1531348279 prime?
False
Is 5843968303 prime?
False
Is 1852719787 composite?
False
Is 37943187341 a composite number?
False
Is 16472810261 prime?
True
Is 7426206889 prime?
True
Is 289107239 a prime number?
False
Is 2644117579 composite?
True
Is 1009621549 prime?
False
Is 9330143549 prime?
False
Is 28067604787 a prime number?
True
Is 82540579223 a prime number?
False
Is 2224823353 a composite number?
False
Is 201143759 a prime number?
False
Is 8495527679 composite?
True
Is 146276031949 a composite number?
False
Is 2316217247 a prime number?
False
Is 2094939499 a composite number?
False
Is 266599838 composite?
True
Is 30416789563 composite?
False
Is 901470569 a composite number?
False
Is 26959144373 prime?
False
Is 975405757 composite?
False
Is 19477564793 prime?
False
Is 3753311483 prime?
True
Is 4808663959 a prime number?
False
Is 27098915083 prime?
True
Is 84445631 prime?
False
Is 3564110243 prime?
True
Is 110620171 prime?
False
Is 27926112367 a composite number?
True
Is 1215749 composite?
True
Is 9529059983 composite?
False
Is 56580936695 composite?
True
Is 3695480437 a prime number?
False
Is 2135638907 composite?
False
Is 7624700459 a composite number?
False
Is 5627485081 a prime number?
True
Is 37822918237 a prime number?
False
Is 2479338317 a composite number?
False
Is 377230229 a composite number?
False
Is 81275773 a prime number?
False
Is 15083673403 composite?
False
Is 2490764933 a prime number?
False
Is 17907246897 a prime number?
False
Is 4934347493 a prime number?
True
Is 35238274529 composite?
False
Is 109038659 a composite number?
True
Is 321676877 a composite number?
True
Is 41075273 a composite number?
False
Is 2645233 composite?
False
Is 44300055089 composite?
True
Is 21640952717 composite?
True
Is 64032770773 prime?
False
Is 272227517191 prime?
False
Is 2869400969 composite?
True
Is 38999379823 composite?
False
Is 568797871 prime?
False
Is 9146070383 composite?
False
Is 835074043 prime?
True
Is 7370734783 a composite number?
False
Is 1564786447 a prime number?
False
Is 701545739 composite?
True
Is 2884727473 composite?
True
Is 1207558801 a prime number?
True
Is 16354361 a prime number?
False
Is 150895574681 a prime number?
False
Is 42518848811 a prime number?
True
Is 1694646817 composite?
False
Is 9878707427 prime?
True
Is 911140829 composite?
False
Is 87915468037 composite?
True
Is 31889209619 prime?
False
Is 193172269 composite?
True
Is 1331548703 a prime number?
True
Is 127340597 composite?
False
Is 102068435221 a composite number?
False
Is 483794592977 composite?
False
Is 20262332549 a composite number?
False
Is 283663718911 a composite number?
False
Is 268606757 a composite number?
False
Is 24998549489 a prime number?
False
Is 63967426807 a composite number?
True
Is 108684073 a composite number?
True
Is 2082568811 a composite number?
True
Is 300386237 a prime number?
False
Is 3896916466 prime?
False
Is 5564602879 a composite number?
True
Is 24957805091 composite?
True
Is 4078199341 a composite number?
True
Is 606025841 prime?
True
Is 1285339469 a composite number?
False
Is 501690823 prime?
True
Is 51852262081 a composite number?
False
Is 42835642049 composite?
False
Is 93805171 a prime number?
False
Is 1097995993 prime?
False
Is 53099113 composite?
True
Is 48495233 a composite number?
False
Is 2470504593 prime?
False
Is 597748499 a composite number?
False
Is 95325108379 a prime number?
True
Is 2297405479 a composite number?
False
Is 2256191009 a prime number?
False
Is 6924309133 a composite number?
True
Is 28310897119 composite?
False
Is 1195441619 a prime number?
True
Is 10975362941 composite?
False
Is 23329167377 composite?
False
Is 14465856203 a prime number?
True
Is 32609572663 a composite number?
True
Is 42554577941 composite?
True
Is 3273448691 a composite number?
True
Is 19840146611 composite?
False
Is 1604315357 prime?
True
Is 251121769 a composite number?
True
Is 1630992559 prime?
False
Is 216995760887 a prime number?
False
Is 1970584037 composite?
True
Is 12621459269 composite?
False
Is 50306710117 a composite number?
False
Is 9592661251 composite?
True
Is 1164357961 a prime number?
False
Is 323601319 prime?
True
Is 27877713293 prime?
False
Is 1698187423 a prime number?
False
Is 24119361751 composite?
False
Is 52245911 a prime number?
True
Is 575629729 composite?
True
Is 2204009855 a composite number?
True
Is 95649479 prime?
False
Is 26878769 prime?
True
Is 66327168797 composite?
False
Is 232342223 prime?
False
Is 6874665401 composite?
False
Is 9168140281 composite?
True
Is 283551923 a prime number?
False
Is 2505429037 a composite number?
False
Is 59881863191 composite?
True
Is 5316753803 prime?
True
Is 2015286787 prime?
False
Is 20602002901 a prime number?
True
Is 28628677429 a prime number?
False
Is 315253901 composite?
False
Is 4548858607 a prime number?
False
Is 116085969677 a prime n